{"id":1688,"date":"2026-01-28T12:33:25","date_gmt":"2026-01-28T11:33:25","guid":{"rendered":"https:\/\/keramikkstallen.no\/?page_id=1688"},"modified":"2026-01-28T12:34:06","modified_gmt":"2026-01-28T11:34:06","slug":"barnekurs","status":"publish","type":"page","link":"https:\/\/keramikkstallen.no\/?page_id=1688","title":{"rendered":"Barnekurs p\u00e5skepynt"},"content":{"rendered":"\n<h4 class=\"wp-block-heading\">Kurs for barn (i f\u00f8lge med en voksen): P\u00e5skepynt<\/h4>\n\n\n\n<div style=\"height:21px\" aria-hidden=\"true\" class=\"wp-block-spacer\"><\/div>\n\n\n\n<p class=\"has-text-align-left wp-block-paragraph\"><\/p>\n\n\n\n<div class=\"wp-block-columns is-layout-flex wp-container-core-columns-is-layout-3b811c60 wp-block-columns-is-layout-flex\">\n<div class=\"wp-block-column is-layout-flow wp-block-column-is-layout-flow\">\n<p class=\"wp-block-paragraph\">Dette er et kurs hvor barn m\u00e5 komme i f\u00f8lge med en voksen. Og begge skal selvf\u00f8lgelig f\u00e5 jobbe med leire. Det vil v\u00e6re gjennomgang av og \u00f8velser i noen grunnleggende teknikker. Og dere vil f\u00e5 ideer til p\u00e5skepynt dere kan lage. Denne l\u00f8rdagen er det fokus p\u00e5 p\u00e5ske. I rommet vil det v\u00e6re et stilleben av objekter til inspirasjon. Glasering og brenning av et objekt er inkludert i prisen. Utover det koster det 100 kr pr. objekt du \u00f8nsker ferdigstilt. Du velger selv glasur blant et utvalg av glasurpr\u00f8ver, og etter tre uker kan du komme og hente keramikken. Alle glasurer er laget p\u00e5 verkstedet.<br><br>\u00a0<\/p>\n<\/div>\n\n\n\n<div class=\"wp-block-column is-layout-flow wp-block-column-is-layout-flow\">\n<ul class=\"wp-block-list\">\n<li>L\u00e6rer: Helle H\u00f8eg Voldstad<\/li>\n\n\n\n<li>Dato: 28. februar<\/li>\n\n\n\n<li>Tid: kl 11.00-13.00<\/li>\n\n\n\n<li>Pris: 600 kr pr. barn<\/li>\n\n\n\n<li>Antall plasser: 6<\/li>\n\n\n\n<li>Lokasjon: Keramikkstallen i Welhavens gate 1f, 0166 Oslo<\/li>\n<\/ul>\n\n\n\n<figure class=\"wp-block-image size-large\"><img data-recalc-dims=\"1\" loading=\"lazy\" decoding=\"async\" width=\"724\" height=\"1024\" data-attachment-id=\"1669\" data-permalink=\"https:\/\/keramikkstallen.no\/?attachment_id=1669\" data-orig-file=\"https:\/\/i0.wp.com\/keramikkstallen.no\/wp-content\/uploads\/2024\/08\/Uten-navn-1-1.gif?fit=2480%2C3508&amp;ssl=1\" data-orig-size=\"2480,3508\" data-comments-opened=\"1\" data-image-meta=\"{&quot;aperture&quot;:&quot;0&quot;,&quot;credit&quot;:&quot;&quot;,&quot;camera&quot;:&quot;&quot;,&quot;caption&quot;:&quot;&quot;,&quot;created_timestamp&quot;:&quot;0&quot;,&quot;copyright&quot;:&quot;&quot;,&quot;focal_length&quot;:&quot;0&quot;,&quot;iso&quot;:&quot;0&quot;,&quot;shutter_speed&quot;:&quot;0&quot;,&quot;title&quot;:&quot;&quot;,&quot;orientation&quot;:&quot;0&quot;}\" data-image-title=\"Uten navn-1\" data-image-description=\"\" data-image-caption=\"\" data-large-file=\"https:\/\/i0.wp.com\/keramikkstallen.no\/wp-content\/uploads\/2024\/08\/Uten-navn-1-1.gif?fit=724%2C1024&amp;ssl=1\" src=\"https:\/\/i0.wp.com\/keramikkstallen.no\/wp-content\/uploads\/2024\/08\/Uten-navn-1-1.gif?resize=724%2C1024&#038;ssl=1\" alt=\"\" class=\"wp-image-1669\" srcset=\"https:\/\/i0.wp.com\/keramikkstallen.no\/wp-content\/uploads\/2024\/08\/Uten-navn-1-1.gif?resize=724%2C1024&amp;ssl=1 724w, https:\/\/i0.wp.com\/keramikkstallen.no\/wp-content\/uploads\/2024\/08\/Uten-navn-1-1.gif?resize=212%2C300&amp;ssl=1 212w, https:\/\/i0.wp.com\/keramikkstallen.no\/wp-content\/uploads\/2024\/08\/Uten-navn-1-1.gif?resize=768%2C1086&amp;ssl=1 768w, https:\/\/i0.wp.com\/keramikkstallen.no\/wp-content\/uploads\/2024\/08\/Uten-navn-1-1.gif?resize=1086%2C1536&amp;ssl=1 1086w, https:\/\/i0.wp.com\/keramikkstallen.no\/wp-content\/uploads\/2024\/08\/Uten-navn-1-1.gif?resize=1448%2C2048&amp;ssl=1 1448w, https:\/\/i0.wp.com\/keramikkstallen.no\/wp-content\/uploads\/2024\/08\/Uten-navn-1-1.gif?resize=1200%2C1697&amp;ssl=1 1200w, https:\/\/i0.wp.com\/keramikkstallen.no\/wp-content\/uploads\/2024\/08\/Uten-navn-1-1.gif?resize=600%2C849&amp;ssl=1 600w, https:\/\/i0.wp.com\/keramikkstallen.no\/wp-content\/uploads\/2024\/08\/Uten-navn-1-1.gif?w=2000&amp;ssl=1 2000w\" sizes=\"auto, (max-width: 724px) 100vw, 724px\" \/><\/figure>\n<\/div>\n<\/div>\n\n\n\n<div class=\"wp-block-buttons is-layout-flex wp-block-buttons-is-layout-flex\">\n<div class=\"wp-block-button\"><a class=\"wp-block-button__link wp-element-button\" href=\"https:\/\/keramikkstallen.no\/?page_id=161\">Meld deg p\u00e5<\/a><\/div>\n<\/div>\n\n\n\n<div style=\"height:43px\" aria-hidden=\"true\" class=\"wp-block-spacer\"><\/div>\n\n\n\n<figure class=\"wp-block-gallery has-nested-images columns-default is-cropped wp-block-gallery-1 is-layout-flex wp-block-gallery-is-layout-flex\"><\/figure>\n\n\n\n<div style=\"height:0px\" aria-hidden=\"true\" class=\"wp-block-spacer\"><\/div>\n\n\n\n<div style=\"height:42px\" aria-hidden=\"true\" class=\"wp-block-spacer\"><\/div>\n\n\n\n<h4 class=\"wp-block-heading\">FAQ<\/h4>\n\n\n\n<div class=\"wp-block-columns is-layout-flex wp-container-core-columns-is-layout-3b811c60 wp-block-columns-is-layout-flex\">\n<div class=\"wp-block-column is-layout-flow wp-block-column-is-layout-flow\" style=\"flex-basis:100%\">\n<details class=\"wp-block-details is-layout-flow wp-block-details-is-layout-flow\"><summary>Hva er inkludert i kurset?<\/summary>\n<p class=\"wp-block-paragraph\">All leire og alle redskaper du trenger for \u00e5 skape er inkludert. Glasering og brenning av et objekt er inkludert i prisen. Forkle kan du l\u00e5ne. Det blir servert kaffe og te.<\/p>\n<\/details>\n<\/div>\n<\/div>\n\n\n\n<details class=\"wp-block-details is-layout-flow wp-block-details-is-layout-flow\"><summary>Hvem kan delta?<\/summary>\n<p class=\"wp-block-paragraph\">Alle kan delta. Lokalene er lette \u00e5 komme inn i da det ligger i 1. etasje. Barn under 16 \u00e5r burde komme sammen med en voksen. Det vil v\u00e6re egne kurs for barn som passer best for de yngste av barna.<\/p>\n<\/details>\n\n\n\n<details class=\"wp-block-details is-layout-flow wp-block-details-is-layout-flow\"><summary>Hvordan betaler jeg<\/summary>\n<p class=\"wp-block-paragraph\">Hos keramikkstallen.no kan du betale med kort eller Vipps. I lokalet kan du betale med Vipps.<\/p>\n<\/details>\n\n\n\n<details class=\"wp-block-details is-layout-flow wp-block-details-is-layout-flow\"><summary>Hvordan finner jeg fram?<\/summary>\n<p class=\"wp-block-paragraph\">Keramikkstallen ligger i Welhavens gate 1f, bortgjemt i en bakg\u00e5rd. N\u00e5r det arrangeres kurs vil porten st\u00e5 oppe og et skilt viser deg at du har kommet fram. Ellers st\u00e5r det &laquo;Stallen&raquo; p\u00e5 ringeklokken ved porten. N\u00e6rmeste kollektive holdeplass er Holbergs plass, derfra tar det bare et minutt \u00e5 g\u00e5. Nationaltheateret t-banestasjon ligger en ca. 10 minutters gange unna.<\/p>\n<\/details>\n\n\n\n<details class=\"wp-block-details is-layout-flow wp-block-details-is-layout-flow\"><summary>Trenger jeg \u00e5 ha med noe?<\/summary>\n<p class=\"wp-block-paragraph\">Nei, i grunnen ikke. Men vi anbefaler at du kommer i kl\u00e6r du ikke er redd for \u00e5 f\u00e5 leire p\u00e5.<\/p>\n<\/details>\n\n\n\n<details class=\"wp-block-details is-layout-flow wp-block-details-is-layout-flow\"><summary>Bytte av datoer<\/summary>\n<p class=\"wp-block-paragraph\">Skulle det br\u00e5tt oppst\u00e5 noe som hindrer deg i \u00e5 delta p\u00e5 et kurs du har betalt for, som feks. sykdom, vil vi v\u00e6re behjelpelige med \u00e5 finne et alternativt kurs for deg.&nbsp;<\/p>\n<\/details>\n\n\n\n<details class=\"wp-block-details is-layout-flow wp-block-details-is-layout-flow\"><summary>Kan jeg f\u00e5 refundert kj\u00f8p av et kurs<\/summary>\n<p class=\"wp-block-paragraph\">Du kan innen 24 timer etter at du har kj\u00f8pt kursplass melde deg av og f\u00e5 pengene refundert. Ta da kontakt p\u00e5 post@keramikkstallen.no. Etter 24 timer er p\u00e5meldingen og kj\u00f8pet bindende og du kan ikke f\u00e5 pengene refundert.<\/p>\n<\/details>\n\n\n\n<div style=\"height:100px\" aria-hidden=\"true\" class=\"wp-block-spacer\"><\/div>\n","protected":false},"excerpt":{"rendered":"<p>Kurs for barn (i f\u00f8lge med en voksen): P\u00e5skepynt Dette er et kurs hvor barn m\u00e5 komme i f\u00f8lge med en voksen. Og begge skal selvf\u00f8lgelig f\u00e5 jobbe med leire. Det vil v\u00e6re gjennomgang av og \u00f8velser i noen grunnleggende teknikker. Og dere vil f\u00e5 ideer til p\u00e5skepynt dere kan lage. Denne l\u00f8rdagen er det [&hellip;]<\/p>\n","protected":false},"author":239315846,"featured_media":0,"parent":0,"menu_order":0,"comment_status":"closed","ping_status":"closed","template":"","meta":{"_crdt_document":"","footnotes":""},"class_list":["post-1688","page","type-page","status-publish","hentry"],"yoast_head":"<!-- This site is optimized with the Yoast SEO plugin v27.4 - https:\/\/yoast.com\/product\/yoast-seo-wordpress\/ -->\n<title>Barnekurs p\u00e5skepynt - Keramikkstallen<\/title>\n<meta name=\"robots\" content=\"index, follow, max-snippet:-1, max-image-preview:large, max-video-preview:-1\" \/>\n<link rel=\"canonical\" href=\"https:\/\/keramikkstallen.no\/?page_id=1688\" \/>\n<meta property=\"og:locale\" content=\"nb_NO\" \/>\n<meta property=\"og:type\" content=\"article\" \/>\n<meta property=\"og:title\" content=\"Barnekurs p\u00e5skepynt - Keramikkstallen\" \/>\n<meta property=\"og:description\" content=\"Kurs for barn (i f\u00f8lge med en voksen): P\u00e5skepynt Dette er et kurs hvor barn m\u00e5 komme i f\u00f8lge med en voksen. Og begge skal selvf\u00f8lgelig f\u00e5 jobbe med leire. Det vil v\u00e6re gjennomgang av og \u00f8velser i noen grunnleggende teknikker. Og dere vil f\u00e5 ideer til p\u00e5skepynt dere kan lage. Denne l\u00f8rdagen er det [&hellip;]\" \/>\n<meta property=\"og:url\" content=\"https:\/\/keramikkstallen.no\/?page_id=1688\" \/>\n<meta property=\"og:site_name\" content=\"Keramikkstallen\" \/>\n<meta property=\"article:modified_time\" content=\"2026-01-28T11:34:06+00:00\" \/>\n<meta property=\"og:image\" content=\"https:\/\/keramikkstallen.no\/wp-content\/uploads\/2024\/08\/Uten-navn-1-1-724x1024.gif\" \/>\n<meta name=\"twitter:card\" content=\"summary_large_image\" \/>\n<meta name=\"twitter:label1\" content=\"Ansl. lesetid\" \/>\n\t<meta name=\"twitter:data1\" content=\"3 minutter\" \/>\n<script type=\"application\/ld+json\" class=\"yoast-schema-graph\">{\"@context\":\"https:\\\/\\\/schema.org\",\"@graph\":[{\"@type\":\"WebPage\",\"@id\":\"https:\\\/\\\/keramikkstallen.no\\\/?page_id=1688\",\"url\":\"https:\\\/\\\/keramikkstallen.no\\\/?page_id=1688\",\"name\":\"Barnekurs p\u00e5skepynt - Keramikkstallen\",\"isPartOf\":{\"@id\":\"https:\\\/\\\/keramikkstallen.no\\\/#website\"},\"primaryImageOfPage\":{\"@id\":\"https:\\\/\\\/keramikkstallen.no\\\/?page_id=1688#primaryimage\"},\"image\":{\"@id\":\"https:\\\/\\\/keramikkstallen.no\\\/?page_id=1688#primaryimage\"},\"thumbnailUrl\":\"https:\\\/\\\/keramikkstallen.no\\\/wp-content\\\/uploads\\\/2024\\\/08\\\/Uten-navn-1-1-724x1024.gif\",\"datePublished\":\"2026-01-28T11:33:25+00:00\",\"dateModified\":\"2026-01-28T11:34:06+00:00\",\"breadcrumb\":{\"@id\":\"https:\\\/\\\/keramikkstallen.no\\\/?page_id=1688#breadcrumb\"},\"inLanguage\":\"nb-NO\",\"potentialAction\":[{\"@type\":\"ReadAction\",\"target\":[\"https:\\\/\\\/keramikkstallen.no\\\/?page_id=1688\"]}]},{\"@type\":\"ImageObject\",\"inLanguage\":\"nb-NO\",\"@id\":\"https:\\\/\\\/keramikkstallen.no\\\/?page_id=1688#primaryimage\",\"url\":\"https:\\\/\\\/i0.wp.com\\\/keramikkstallen.no\\\/wp-content\\\/uploads\\\/2024\\\/08\\\/Uten-navn-1-1.gif?fit=2480%2C3508&ssl=1\",\"contentUrl\":\"https:\\\/\\\/i0.wp.com\\\/keramikkstallen.no\\\/wp-content\\\/uploads\\\/2024\\\/08\\\/Uten-navn-1-1.gif?fit=2480%2C3508&ssl=1\",\"width\":2480,\"height\":3508},{\"@type\":\"BreadcrumbList\",\"@id\":\"https:\\\/\\\/keramikkstallen.no\\\/?page_id=1688#breadcrumb\",\"itemListElement\":[{\"@type\":\"ListItem\",\"position\":1,\"name\":\"Hjem\",\"item\":\"https:\\\/\\\/keramikkstallen.no\\\/\"},{\"@type\":\"ListItem\",\"position\":2,\"name\":\"Barnekurs p\u00e5skepynt\"}]},{\"@type\":\"WebSite\",\"@id\":\"https:\\\/\\\/keramikkstallen.no\\\/#website\",\"url\":\"https:\\\/\\\/keramikkstallen.no\\\/\",\"name\":\"Keramikkstallen\",\"description\":\"\",\"publisher\":{\"@id\":\"https:\\\/\\\/keramikkstallen.no\\\/#organization\"},\"potentialAction\":[{\"@type\":\"SearchAction\",\"target\":{\"@type\":\"EntryPoint\",\"urlTemplate\":\"https:\\\/\\\/keramikkstallen.no\\\/?s={search_term_string}\"},\"query-input\":{\"@type\":\"PropertyValueSpecification\",\"valueRequired\":true,\"valueName\":\"search_term_string\"}}],\"inLanguage\":\"nb-NO\"},{\"@type\":\"Organization\",\"@id\":\"https:\\\/\\\/keramikkstallen.no\\\/#organization\",\"name\":\"Keramikkstallen\",\"url\":\"https:\\\/\\\/keramikkstallen.no\\\/\",\"logo\":{\"@type\":\"ImageObject\",\"inLanguage\":\"nb-NO\",\"@id\":\"https:\\\/\\\/keramikkstallen.no\\\/#\\\/schema\\\/logo\\\/image\\\/\",\"url\":\"https:\\\/\\\/i0.wp.com\\\/keramikkstallen.no\\\/wp-content\\\/uploads\\\/2024\\\/08\\\/bla-logo.jpg?fit=3600%2C4800&ssl=1\",\"contentUrl\":\"https:\\\/\\\/i0.wp.com\\\/keramikkstallen.no\\\/wp-content\\\/uploads\\\/2024\\\/08\\\/bla-logo.jpg?fit=3600%2C4800&ssl=1\",\"width\":3600,\"height\":4800,\"caption\":\"Keramikkstallen\"},\"image\":{\"@id\":\"https:\\\/\\\/keramikkstallen.no\\\/#\\\/schema\\\/logo\\\/image\\\/\"}}]}<\/script>\n<!-- \/ Yoast SEO plugin. -->","yoast_head_json":{"title":"Barnekurs p\u00e5skepynt - Keramikkstallen","robots":{"index":"index","follow":"follow","max-snippet":"max-snippet:-1","max-image-preview":"max-image-preview:large","max-video-preview":"max-video-preview:-1"},"canonical":"https:\/\/keramikkstallen.no\/?page_id=1688","og_locale":"nb_NO","og_type":"article","og_title":"Barnekurs p\u00e5skepynt - Keramikkstallen","og_description":"Kurs for barn (i f\u00f8lge med en voksen): P\u00e5skepynt Dette er et kurs hvor barn m\u00e5 komme i f\u00f8lge med en voksen. Og begge skal selvf\u00f8lgelig f\u00e5 jobbe med leire. Det vil v\u00e6re gjennomgang av og \u00f8velser i noen grunnleggende teknikker. Og dere vil f\u00e5 ideer til p\u00e5skepynt dere kan lage. Denne l\u00f8rdagen er det [&hellip;]","og_url":"https:\/\/keramikkstallen.no\/?page_id=1688","og_site_name":"Keramikkstallen","article_modified_time":"2026-01-28T11:34:06+00:00","og_image":[{"url":"https:\/\/keramikkstallen.no\/wp-content\/uploads\/2024\/08\/Uten-navn-1-1-724x1024.gif","type":"","width":"","height":""}],"twitter_card":"summary_large_image","twitter_misc":{"Ansl. lesetid":"3 minutter"},"schema":{"@context":"https:\/\/schema.org","@graph":[{"@type":"WebPage","@id":"https:\/\/keramikkstallen.no\/?page_id=1688","url":"https:\/\/keramikkstallen.no\/?page_id=1688","name":"Barnekurs p\u00e5skepynt - Keramikkstallen","isPartOf":{"@id":"https:\/\/keramikkstallen.no\/#website"},"primaryImageOfPage":{"@id":"https:\/\/keramikkstallen.no\/?page_id=1688#primaryimage"},"image":{"@id":"https:\/\/keramikkstallen.no\/?page_id=1688#primaryimage"},"thumbnailUrl":"https:\/\/keramikkstallen.no\/wp-content\/uploads\/2024\/08\/Uten-navn-1-1-724x1024.gif","datePublished":"2026-01-28T11:33:25+00:00","dateModified":"2026-01-28T11:34:06+00:00","breadcrumb":{"@id":"https:\/\/keramikkstallen.no\/?page_id=1688#breadcrumb"},"inLanguage":"nb-NO","potentialAction":[{"@type":"ReadAction","target":["https:\/\/keramikkstallen.no\/?page_id=1688"]}]},{"@type":"ImageObject","inLanguage":"nb-NO","@id":"https:\/\/keramikkstallen.no\/?page_id=1688#primaryimage","url":"https:\/\/i0.wp.com\/keramikkstallen.no\/wp-content\/uploads\/2024\/08\/Uten-navn-1-1.gif?fit=2480%2C3508&ssl=1","contentUrl":"https:\/\/i0.wp.com\/keramikkstallen.no\/wp-content\/uploads\/2024\/08\/Uten-navn-1-1.gif?fit=2480%2C3508&ssl=1","width":2480,"height":3508},{"@type":"BreadcrumbList","@id":"https:\/\/keramikkstallen.no\/?page_id=1688#breadcrumb","itemListElement":[{"@type":"ListItem","position":1,"name":"Hjem","item":"https:\/\/keramikkstallen.no\/"},{"@type":"ListItem","position":2,"name":"Barnekurs p\u00e5skepynt"}]},{"@type":"WebSite","@id":"https:\/\/keramikkstallen.no\/#website","url":"https:\/\/keramikkstallen.no\/","name":"Keramikkstallen","description":"","publisher":{"@id":"https:\/\/keramikkstallen.no\/#organization"},"potentialAction":[{"@type":"SearchAction","target":{"@type":"EntryPoint","urlTemplate":"https:\/\/keramikkstallen.no\/?s={search_term_string}"},"query-input":{"@type":"PropertyValueSpecification","valueRequired":true,"valueName":"search_term_string"}}],"inLanguage":"nb-NO"},{"@type":"Organization","@id":"https:\/\/keramikkstallen.no\/#organization","name":"Keramikkstallen","url":"https:\/\/keramikkstallen.no\/","logo":{"@type":"ImageObject","inLanguage":"nb-NO","@id":"https:\/\/keramikkstallen.no\/#\/schema\/logo\/image\/","url":"https:\/\/i0.wp.com\/keramikkstallen.no\/wp-content\/uploads\/2024\/08\/bla-logo.jpg?fit=3600%2C4800&ssl=1","contentUrl":"https:\/\/i0.wp.com\/keramikkstallen.no\/wp-content\/uploads\/2024\/08\/bla-logo.jpg?fit=3600%2C4800&ssl=1","width":3600,"height":4800,"caption":"Keramikkstallen"},"image":{"@id":"https:\/\/keramikkstallen.no\/#\/schema\/logo\/image\/"}}]}},"jetpack_likes_enabled":true,"jetpack_sharing_enabled":true,"jetpack_shortlink":"https:\/\/wp.me\/Pf5pOD-re","jetpack-related-posts":[],"_links":{"self":[{"href":"https:\/\/keramikkstallen.no\/index.php?rest_route=\/wp\/v2\/pages\/1688","targetHints":{"allow":["GET"]}}],"collection":[{"href":"https:\/\/keramikkstallen.no\/index.php?rest_route=\/wp\/v2\/pages"}],"about":[{"href":"https:\/\/keramikkstallen.no\/index.php?rest_route=\/wp\/v2\/types\/page"}],"author":[{"embeddable":true,"href":"https:\/\/keramikkstallen.no\/index.php?rest_route=\/wp\/v2\/users\/239315846"}],"replies":[{"embeddable":true,"href":"https:\/\/keramikkstallen.no\/index.php?rest_route=%2Fwp%2Fv2%2Fcomments&post=1688"}],"version-history":[{"count":3,"href":"https:\/\/keramikkstallen.no\/index.php?rest_route=\/wp\/v2\/pages\/1688\/revisions"}],"predecessor-version":[{"id":1691,"href":"https:\/\/keramikkstallen.no\/index.php?rest_route=\/wp\/v2\/pages\/1688\/revisions\/1691"}],"wp:attachment":[{"href":"https:\/\/keramikkstallen.no\/index.php?rest_route=%2Fwp%2Fv2%2Fmedia&parent=1688"}],"curies":[{"name":"wp","href":"https:\/\/api.w.org\/{rel}","templated":true}]}}